{"id":366,"date":"2025-03-06T12:42:10","date_gmt":"2025-03-06T11:42:10","guid":{"rendered":"https:\/\/www.hangoverclub.it\/hng\/?page_id=366"},"modified":"2025-03-06T12:42:10","modified_gmt":"2025-03-06T11:42:10","slug":"progetto","status":"publish","type":"page","link":"https:\/\/www.hangoverclub.it\/hng\/progetto\/","title":{"rendered":"progetto"},"content":{"rendered":"\n<h3 class=\"wp-block-heading has-text-align-center\"><strong>\u201cHANGOVER: MUSICA SOSTENIBILE IN UN AMBIENTE UNICO, RICAVATO DAL RICICLO CREATIVO\u201d.<\/strong><\/h3>\n\n\n\n<h4 class=\"wp-block-heading has-text-align-center\">IL NOSTRO CLUB DI MUSICA ELETTRONICA \u00c8 UN\u2019ESPERIENZA UNICA CHE UNISCE LA PASSIONE PER LA MUSICA E LA SOSTENIBILIT\u00c0 AMBIENTALE. SITUATO SU UN PRATO CHE \u00c8 STATO RIVALUTATO ECOSOSTENIBILMENTE, IL NOSTRO CLUB \u00c8 STATO COSTRUITO UTILIZZANDO MATERIALI DI RICICLO PER RIDURRE L\u2019IMPATTO SULL\u2019AMBIENTE. LA NOSTRA VISIONE \u00c8 QUELLA DI CREARE UN AMBIENTE DIVERTENTE E INCLUSIVO PER GLI AMANTI DELLA MUSICA ELETTRONICA, IN CUI SI PU\u00d2 BALLARE TUTTA LA NOTTE IN MODO RESPONSABILE E RISPETTOSO DELL\u2019AMBIENTE. VENITE A SCOPRIRE IL NOSTRO CLUB E LA MUSICA ECCEZIONALE CHE OFFRIAMO, MENTRE GODETE DELL\u2019ATMOSFERA UNICA E DELL\u2019IMPEGNO PER LA SOSTENIBILIT\u00c0 CHE CI CONTRADDISTINGUE.\u201d<\/h4>\n","protected":false},"excerpt":{"rendered":"<p> [&hellip;]<\/p>\n","protected":false},"author":1,"featured_media":0,"parent":0,"menu_order":0,"comment_status":"closed","ping_status":"closed","template":"","meta":{"footnotes":""},"class_list":["post-366","page","type-page","status-publish","hentry"],"yoast_head":"<!-- This site is optimized with the Yoast SEO plugin v24.7 - https:\/\/yoast.com\/wordpress\/plugins\/seo\/ -->\n<title>progetto - Associazione Hangover<\/title>\n<meta name=\"robots\" content=\"index, follow, max-snippet:-1, max-image-preview:large, max-video-preview:-1\" \/>\n<link rel=\"canonical\" href=\"https:\/\/www.hangoverclub.it\/hng\/progetto\/\" \/>\n<meta property=\"og:locale\" content=\"it_IT\" \/>\n<meta property=\"og:type\" content=\"article\" \/>\n<meta property=\"og:title\" content=\"progetto - Associazione Hangover\" \/>\n<meta property=\"og:description\" content=\"[&hellip;]\" \/>\n<meta property=\"og:url\" content=\"https:\/\/www.hangoverclub.it\/hng\/progetto\/\" \/>\n<meta property=\"og:site_name\" content=\"Associazione Hangover\" \/>\n<meta property=\"article:publisher\" content=\"https:\/\/www.facebook.com\/hangover.brg\/\" \/>\n<meta name=\"twitter:card\" content=\"summary_large_image\" \/>\n<meta name=\"twitter:label1\" content=\"Tempo di lettura stimato\" \/>\n\t<meta name=\"twitter:data1\" content=\"1 minuto\" \/>\n<script type=\"application\/ld+json\" class=\"yoast-schema-graph\">{\"@context\":\"https:\/\/schema.org\",\"@graph\":[{\"@type\":\"WebPage\",\"@id\":\"https:\/\/www.hangoverclub.it\/hng\/progetto\/\",\"url\":\"https:\/\/www.hangoverclub.it\/hng\/progetto\/\",\"name\":\"progetto - Associazione Hangover\",\"isPartOf\":{\"@id\":\"https:\/\/www.hangoverclub.it\/hng\/#website\"},\"datePublished\":\"2025-03-06T11:42:10+00:00\",\"breadcrumb\":{\"@id\":\"https:\/\/www.hangoverclub.it\/hng\/progetto\/#breadcrumb\"},\"inLanguage\":\"it-IT\",\"potentialAction\":[{\"@type\":\"ReadAction\",\"target\":[\"https:\/\/www.hangoverclub.it\/hng\/progetto\/\"]}]},{\"@type\":\"BreadcrumbList\",\"@id\":\"https:\/\/www.hangoverclub.it\/hng\/progetto\/#breadcrumb\",\"itemListElement\":[{\"@type\":\"ListItem\",\"position\":1,\"name\":\"Home\",\"item\":\"https:\/\/www.hangoverclub.it\/hng\/\"},{\"@type\":\"ListItem\",\"position\":2,\"name\":\"progetto\"}]},{\"@type\":\"WebSite\",\"@id\":\"https:\/\/www.hangoverclub.it\/hng\/#website\",\"url\":\"https:\/\/www.hangoverclub.it\/hng\/\",\"name\":\"Associazione Hangover\",\"description\":\"\",\"publisher\":{\"@id\":\"https:\/\/www.hangoverclub.it\/hng\/#organization\"},\"potentialAction\":[{\"@type\":\"SearchAction\",\"target\":{\"@type\":\"EntryPoint\",\"urlTemplate\":\"https:\/\/www.hangoverclub.it\/hng\/?s={search_term_string}\"},\"query-input\":{\"@type\":\"PropertyValueSpecification\",\"valueRequired\":true,\"valueName\":\"search_term_string\"}}],\"inLanguage\":\"it-IT\"},{\"@type\":\"Organization\",\"@id\":\"https:\/\/www.hangoverclub.it\/hng\/#organization\",\"name\":\"Associazione Hangover\",\"url\":\"https:\/\/www.hangoverclub.it\/hng\/\",\"logo\":{\"@type\":\"ImageObject\",\"inLanguage\":\"it-IT\",\"@id\":\"https:\/\/www.hangoverclub.it\/hng\/#\/schema\/logo\/image\/\",\"url\":\"https:\/\/www.hangoverclub.it\/hng\/wp-content\/uploads\/2025\/04\/web-app-manifest-512x512-1.png\",\"contentUrl\":\"https:\/\/www.hangoverclub.it\/hng\/wp-content\/uploads\/2025\/04\/web-app-manifest-512x512-1.png\",\"width\":512,\"height\":512,\"caption\":\"Associazione Hangover\"},\"image\":{\"@id\":\"https:\/\/www.hangoverclub.it\/hng\/#\/schema\/logo\/image\/\"},\"sameAs\":[\"https:\/\/www.facebook.com\/hangover.brg\/\",\"https:\/\/www.instagram.com\/hangover.brg\/\"]}]}<\/script>\n<!-- \/ Yoast SEO plugin. -->","yoast_head_json":{"title":"progetto - Associazione Hangover","robots":{"index":"index","follow":"follow","max-snippet":"max-snippet:-1","max-image-preview":"max-image-preview:large","max-video-preview":"max-video-preview:-1"},"canonical":"https:\/\/www.hangoverclub.it\/hng\/progetto\/","og_locale":"it_IT","og_type":"article","og_title":"progetto - Associazione Hangover","og_description":"[&hellip;]","og_url":"https:\/\/www.hangoverclub.it\/hng\/progetto\/","og_site_name":"Associazione Hangover","article_publisher":"https:\/\/www.facebook.com\/hangover.brg\/","twitter_card":"summary_large_image","twitter_misc":{"Tempo di lettura stimato":"1 minuto"},"schema":{"@context":"https:\/\/schema.org","@graph":[{"@type":"WebPage","@id":"https:\/\/www.hangoverclub.it\/hng\/progetto\/","url":"https:\/\/www.hangoverclub.it\/hng\/progetto\/","name":"progetto - Associazione Hangover","isPartOf":{"@id":"https:\/\/www.hangoverclub.it\/hng\/#website"},"datePublished":"2025-03-06T11:42:10+00:00","breadcrumb":{"@id":"https:\/\/www.hangoverclub.it\/hng\/progetto\/#breadcrumb"},"inLanguage":"it-IT","potentialAction":[{"@type":"ReadAction","target":["https:\/\/www.hangoverclub.it\/hng\/progetto\/"]}]},{"@type":"BreadcrumbList","@id":"https:\/\/www.hangoverclub.it\/hng\/progetto\/#breadcrumb","itemListElement":[{"@type":"ListItem","position":1,"name":"Home","item":"https:\/\/www.hangoverclub.it\/hng\/"},{"@type":"ListItem","position":2,"name":"progetto"}]},{"@type":"WebSite","@id":"https:\/\/www.hangoverclub.it\/hng\/#website","url":"https:\/\/www.hangoverclub.it\/hng\/","name":"Associazione Hangover","description":"","publisher":{"@id":"https:\/\/www.hangoverclub.it\/hng\/#organization"},"potentialAction":[{"@type":"SearchAction","target":{"@type":"EntryPoint","urlTemplate":"https:\/\/www.hangoverclub.it\/hng\/?s={search_term_string}"},"query-input":{"@type":"PropertyValueSpecification","valueRequired":true,"valueName":"search_term_string"}}],"inLanguage":"it-IT"},{"@type":"Organization","@id":"https:\/\/www.hangoverclub.it\/hng\/#organization","name":"Associazione Hangover","url":"https:\/\/www.hangoverclub.it\/hng\/","logo":{"@type":"ImageObject","inLanguage":"it-IT","@id":"https:\/\/www.hangoverclub.it\/hng\/#\/schema\/logo\/image\/","url":"https:\/\/www.hangoverclub.it\/hng\/wp-content\/uploads\/2025\/04\/web-app-manifest-512x512-1.png","contentUrl":"https:\/\/www.hangoverclub.it\/hng\/wp-content\/uploads\/2025\/04\/web-app-manifest-512x512-1.png","width":512,"height":512,"caption":"Associazione Hangover"},"image":{"@id":"https:\/\/www.hangoverclub.it\/hng\/#\/schema\/logo\/image\/"},"sameAs":["https:\/\/www.facebook.com\/hangover.brg\/","https:\/\/www.instagram.com\/hangover.brg\/"]}]}},"_links":{"self":[{"href":"https:\/\/www.hangoverclub.it\/hng\/wp-json\/wp\/v2\/pages\/366","targetHints":{"allow":["GET"]}}],"collection":[{"href":"https:\/\/www.hangoverclub.it\/hng\/wp-json\/wp\/v2\/pages"}],"about":[{"href":"https:\/\/www.hangoverclub.it\/hng\/wp-json\/wp\/v2\/types\/page"}],"author":[{"embeddable":true,"href":"https:\/\/www.hangoverclub.it\/hng\/wp-json\/wp\/v2\/users\/1"}],"replies":[{"embeddable":true,"href":"https:\/\/www.hangoverclub.it\/hng\/wp-json\/wp\/v2\/comments?post=366"}],"version-history":[{"count":1,"href":"https:\/\/www.hangoverclub.it\/hng\/wp-json\/wp\/v2\/pages\/366\/revisions"}],"predecessor-version":[{"id":367,"href":"https:\/\/www.hangoverclub.it\/hng\/wp-json\/wp\/v2\/pages\/366\/revisions\/367"}],"wp:attachment":[{"href":"https:\/\/www.hangoverclub.it\/hng\/wp-json\/wp\/v2\/media?parent=366"}],"curies":[{"name":"wp","href":"https:\/\/api.w.org\/{rel}","templated":true}]}}